 of 99929?
9
What is the tens digit of 9776?
7
What is the units digit of 61696?
6
What is the hundreds digit of 2687?
6
What is the thousands digit of 1119?
1
What is the hundreds digit of 795?
7
What is the units digit of 9183?
3
What is the ten thousands digit of 56572?
5
What is the hundreds digit of 2193?
1
What is the units digit of 8643?
3
What is the units digit of 28184?
4
What is the tens digit of 377?
7
What is the tens digit of 1432?
3
What is the ten thousands digit of 11460?
1
What is the thousands digit of 1793?
1
What is the units digit of 571?
1
What is the tens digit of 1314?
1
What is the ten thousands digit of 39318?
3
What is the hundreds digit of 114847?
8
What is the ten thousands digit of 33880?
3
What is the hundreds digit of 1987?
9
What is the units digit of 34?
4
What is the hundreds digit of 5450?
4
What is the tens digit of 1689?
8
What is the tens digit of 34090?
9
What is the thousands digit of 13759?
3
What is the thousands digit of 13614?
3
What is the hundreds digit of 1949?
9
What is the units digit of 6924?
4
What is the thousands digit of 114356?
4
What is the tens digit of 61780?
8
What is the thousands digit of 6738?
6
What is the tens digit of 5544?
4
What is the tens digit of 1850?
5
What is the tens digit of 90840?
4
What is the thousands digit of 1420?
1
What is the hundreds digit of 5387?
3
What is the hundreds digit of 1443?
4
What is the hundreds digit of 13657?
6
What is the hundred thousands digit of 153456?
1
What is the hundreds digit of 2337?
3
What is the hundred thousands digit of 169893?
1
What is the thousands digit of 111445?
1
What is the thousands digit of 1690?
1
What is the tens digit of 3145?
4
What is the units digit of 36047?
7
What is the hundreds digit of 1859?
8
What is the thousands digit of 1193?
1
What is the tens digit of 862?
6
What is the tens digit of 2264?
6
What is the thousands digit of 11048?
1
What is the hundreds digit of 737?
7
What is the hundreds digit of 16141?
1
What is the hundreds digit of 22804?
8
What is the hundreds digit of 5301?
3
What is the ten thousands digit of 14962?
1
What is the hundreds digit of 40585?
5
What is the thousands digit of 44332?
4
What is the units digit of 835?
5
What is the thousands digit of 58817?
8
What is the tens digit of 30250?
5
What is the hundreds digit of 179?
1
What is the hundreds digit of 136746?
7
What is the units digit of 17246?
6
What is the units digit of 1373?
3
What is the units digit of 482?
2
What is the tens digit of 282?
8
What is the hundreds digit of 6163?
1
What is the hundreds digit of 717?
7
What is the thousands digit of 11186?
1
What is the thousands digit of 1250?
1
What is the tens digit of 14110?
1
What is the units digit of 3287?
7
What is the hundreds digit of 119039?
0
What is the thousands digit of 3553?
3
What is the tens digit of 521?
2
What is the tens digit of 7161?
6
What is the ten thousands digit of 35771?
3
What is the units digit of 120?
0
What is the hundreds digit of 13594?
5
What is the tens digit of 2549?
4
What is the ten thousands digit of 17190?
1
What is the tens digit of 29669?
6
What is the hundreds digit of 356?
3
What is the units digit of 5434?
4
What is the units digit of 4950?
0
What is the tens digit of 285?
8
What is the tens digit of 44379?
7
What is the thousands digit of 94919?
4
What is the units digit of 776?
6
What is the thousands digit of 3264?
3
What is the units digit of 4403?
3
What is the thousands digit of 51119?
1
What is the hundreds digit of 25247?
2
What is the thousands digit of 8469?
8
What is the thousands digit of 8015?
8
What is the thousands digit of 33696?
3
What is the hundreds digit of 4175?
1
What is the ten thousands digit of 16340?
1
What is the tens digit of 117?
1
What is the thousands digit of 6617?
6
What is the tens digit of 534?
3
What is the thousands digit of 56632?
6
What is the units digit of 75845?
5
What is the thousands digit of 1883?
1
What is the tens digit of 973?
7
What is the tens digit of 151726?
2
What is the units digit of 246?
6
What is the units digit of 7?
7
What is the thousands digit of 3613?
3
What is the hundreds digit of 35745?
7
What is the units digit of 1281?
1
What is the ten thousands digit of 50901?
5
What is the tens digit of 1888?
8
What is the tens digit of 378?
7
What is the hundreds digit of 2119?
1
What is the ten thousands digit of 21571?
2
What is the tens digit of 3899?
9
What is the hundreds digit of 2641?
6
What is the tens digit of 5921?
2
What is the hundreds digit of 1027?
0
What is the hundreds digit of 28449?
4
What is the hundreds digit of 54081?
0
What is the units digit of 9652?
2
What is the units digit of 4314?
4
What is the hundreds digit of 92645?
6
What is the thousands digit of 4216?
4
What is the units digit of 3127?
7
What is the units digit of 192?
2
What is the thousands digit of 19655?
9
What is the tens digit of 256?
5
What is the units digit of 1008?
8
What is the hundreds digit of 39355?
3
What is the ten thousands digit of 43074?
4
What is the hundreds digit of 5585?
5
What is the units digit of 774?
4
What is the units digit of 71702?
2
What is the hundreds digit of 1592?
5
What is the units digit of 23788?
8
What is the units digit of 12452?
2
What is the units digit of 681?
1
What is the units digit of 1102?
2
What is the thousands digit of 53275?
3
What is the thousands digit of 20446?
0
What is the units digit of 1232?
2
What is the units digit of 8132?
2
What is the tens digit of 407?
0
What is the units digit of 216?
6
What is the units digit of 4774?
4
What is the hundreds digit of 12474?
4
What is the tens digit of 135632?
3
What is the hundreds digit of 838?
8
What is the thousands digit of 29761?
9
What is the hundreds digit of 942?
9
What is the units digit of 20181?
1
What is the units digit of 16457?
7
What is the tens digit of 3676?
7
What is the hundreds digit of 39819?
8
What is the units digit of 756?
6
What is the tens digit of 34749?
4
What is the tens digit of 1192?
9
What is the hundreds digit of 119?
1
What is the thousands digit of 4218?
4
What is the units digit of 14182?
2
What is the units digit of 22680?
0
What is the ten thousands digit of 88159?
8
What is the units digit of 5024?
4
What is the units digit of 977?
7
What is the ten thousands digit of 13547?
1
What is the tens digit of 6365?
6
What is the tens digit of 236?
3
What is the hundreds digit of 3963?
9
What is the tens digit of 1200?
0
What is the units digit of 38562?
2
What is the tens digit of 2375?
7
What is the units digit of 30921?
1
What is the hundreds digit of 607?
6
What is the thousands digit of 16427?
6
What is the thousands digit of 15323?
5
What is the units digit of 2561?
1
What is the ten thousands digit of 59835?
5
What is the units digit of 4?
4
What is the tens digit of 1990?
9
What is the units digit of 2517?
7
What is the thousands digit of 39719?
9
What is the ten thousands digit of 180684?
8
What is the tens digit of 4425?
2
What is the units digit of 1466?
6
What is the units digit of 2542?
2
What is the hundreds digit of 3796?
7
What is the hundreds digit of 718?
7
What is the units digit of 46521?
1
What is the ten thousands digit of 16270?
1
What is the tens digit of 1328?
2
What is the tens digit of 619?
1
What is the units digit of 8880?
0
What is the units digit of 7341?
1
What is the tens digit of 960?
6
What is the units digit of 499?
9
What is the hundreds digit of 55315?
3
What is the thousands digit of 19925?
9
What is the tens digit of 23157?
5
What is the thousands digit of 43863?
3
What is the units digit of 40670?
0
What is the units digit of 29405?
5
What is the ten thousands digit of 169574?
6
What is the units digit of 295?
5
What is the tens digit of 3146?
4
What is the thousands digit of 5994?
5
What is the thousands digit of 7357?
7
What is the thousands digit of 6234?
6
What is the ten thousands digit of 13918?
1
What is the tens digit of 248?
4
What is the units digit of 830?
0
What is the ten thousands digit of 12857?
1
What is the tens digit of 12398?
9
What is the thousands digit of 60480?
0
What is the units digit of 86?
6
What is the units digit of 1987?
7
What is the hundreds digit of 23826?
8
What is the thousands digit of 25